
3
Let b(x) be the second derivative of x**5/20 + 4*x**4/3 - 19*x**3/3 - 35*x**2/2 + x - 26. Determine b(-18).
1
Let a = -23 + 59. Let c be (a/8 + -3)*(4 + 0). Let l(k) = k - 1. Determine l(c).
5
Let f(h) = 6*h**3 - 4*h**2 - 5*h. Let j(n) = 7*n**3 - 4*n**2 - 5*n - 1. Let a(c) = 6*f(c) - 5*j(c). Let t be 135/(-315) + (-266)/(-49). Calculate a(t).
5
Let b = 170 - 170. Let l(r) = -2*r + 12. Calculate l(b).
12
Let d be -4*6/(-8)*(0 + -1). Let b(j) = j**3 + 4*j**2 + 2*j + 3. Give b(d).
6
Let g(t) be the first derivative of 0*t + 5 + 3*t**2 + 2 + 2*t. Give g(4).
26
Let u(i) = -5*i + 25. Let c = -301 - -307. Give u(c).
-5
Let w(m) = -875*m - 880*m - 873*m - 1 + 2629*m + 41*m**2. Determine w(1).
41
Suppose 0 = -3*u - 1 + 10. Let a(i) = -2*i + 2*i + 15 - 14 - i**2 - 5*i**u. What is a(-1)?
5
Let x = -3018 - -3006. Let i(m) = -m - 8. Calculate i(x).
4
Let k(l) = -7*l**2 - 25*l - 17. Let v(b) = 8*b**2 + 28*b + 18. Let a(c) = 7*k(c) + 6*v(c). What is a(-6)?
-5
Let r(y) = 3 - 11*y - 5*y - 1 + 11*y. Let g(q) = -6*q + 2. Let h(d) = -6*g(d) + 7*r(d). Determine h(-3).
-1
Suppose 3*u + 2 + 4 = 0. Let p(v) = v**3 - 18*v - 1. Let y(d) = -d**3 + 12*d + 1. Let i(n) = -2*p(n) - 3*y(n). Give i(u).
-9
Let n = 23 - 29. Let o(f) = f + 14. Determine o(n).
8
Suppose 7*y + 120 = 3*y. Let v = 26 + y. Let q(p) = p**3 + 6*p**2 + 4*p - 4. Give q(v).
12
Let n(b) = -6*b + 6. Suppose 0*x = 2*k - 5*x + 7, 5*k + 4*x = 32. What is n(k)?
-18
Let i(z) = z + 3. Suppose -48 = 11*q + 18. Give i(q).
-3
Let q(m) be the second derivative of 2*m**3/3 - 14*m**2 - 29*m - 1. Give q(8).
4
Let c = 9 + -5. Suppose -c*z - 5*g + 3 = 0, 0*z - z + 5*g = -7. Let m(b) = b**2 + 1. Let h(k) = k**3 - k + 1. Let y(j) = -h(j) + 2*m(j). Calculate y(z).
3
Let f(n) = -5*n**2 + n. Suppose 4*j - 2 = -2*t - 164, -4*t = -5*j + 376. Let s = t - -88. What is f(s)?
-6
Let p = 19 + 1. Let d(f) = -4*f**2 + 21 + 2*f**2 - 2*f**2 + f**3 - p. Calculate d(2).
-7
Let s(r) be the first derivative of r**4/4 - 5*r**3/3 + r**2/2 - 9*r + 55. What is s(5)?
-4
Let i(f) = 2*f + 460 - 451 - f. Calculate i(8).
17
Let h(j) be the third derivative of 7*j**2 - 5/24*j**4 + 0 + 0*j - 2/3*j**3. What is h(3)?
-19
Let v be (-3)/(-36)*6 - 26/(-4). Let a(d) be the second derivative of -1/12*d**4 - 1/2*d**2 - 1/2*d**3 - v*d + 0. Calculate a(-3).
-1
Let q(b) = -10*b**2 - 32 + 42*b**3 - 100*b**3 + 57*b**3 - 4*b. Give q(-10).
8
Let v = 554 + -559. Let t(c) be the second derivative of c**5/20 + c**4/2 + c**3 + c**2 + c. Calculate t(v).
-3
Let y(h) = -12*h - 17. Let f(k) = -36*k - 50. Let p(s) = 6*f(s) - 17*y(s). Let m(z) = z + 1. Let t(d) = 66*m(d) + 6*p(d). Determine t(-1).
6
Suppose -3*h + 3*o - 3 = 0, -o - o + 14 = -5*h. Let q(d) be the first derivative of 2*d**3/3 + 5*d**2/2 + 3*d + 42. Determine q(h).
15
Let o(j) = 7*j - 1. Let z be o(11). Suppose 71*b = z*b - 30. Let w(l) = l**2 - 3*l. Determine w(b).
18
Let a(w) be the second derivative of w**7/2520 + w**6/90 - w**5/20 - 35*w**4/12 + 26*w. Let c(g) be the third derivative of a(g). What is c(-9)?
3
Let c(l) = -4*l - 1. Let f(k) = -12*k - 2. Let p(v) = -14*c(v) + 5*f(v). Determine p(6).
-20
Let w = -118 - -118. Let l(h) = h**2 - 3*h + 19. Let t(q) = -q**2 + q - 1. Let m(g) = l(g) + 2*t(g). Calculate m(w).
17
Let r(o) = -o**2 - 7*o - 5. Let i(u) = u**2 - u**2 + 94*u + 7 - 86*u + u**2. Let w(m) = -4*i(m) - 5*r(m). Give w(-6).
15
Let o = -58 - -145. Let m(r) = 27*r + 31*r + r**2 - o*r + 28*r. Let g = 1 + -2. What is m(g)?
2
Let i(f) = -f**3 - f**2 - f - 4. Let x be -2 - (191/7 + (-14)/49). Let c = x - -29. Calculate i(c).
-4
Let u(l) = 16*l + 22 - 21 - 2. Calculate u(1).
15
Let r be -2*18/12 + 1. Let b(p) = 9*p**2 + 2*p + 1. Calculate b(r).
33
Let v(i) = 5*i - 2. Let m be (0 + 4)*32/128. What is v(m)?
3
Suppose 7 = -3*h - 2*s, -s = 4*h - 5 + 16. Let m(q) = q**2 + 4*q - 1. Let i = -4 + -1. Let b(k) = 2*k**2 + 8*k - 1. Let l(p) = i*m(p) + 3*b(p). Give l(h).
-1
Let m(c) = -2*c - 18. Suppose -2*q = -h - 18, 19 = 5*q - 1. Let w be m(h). Let x(j) = -3*j**2 + 5*j - 2*j + j**3 - j**w - 2*j**3 + 5. Calculate x(-4).
-7
Let q = 306 - 306. Let n(o) = -o + 2. Give n(q).
2
Let w(g) = -g**3 - 4*g**2 - 4*g. Let y = -13 + 6. Let p = 4 + y. Let v be w(p). Let m(n) = n**3 - 3*n**2 - 2*n - 1. Determine m(v).
-7
Let k(b) = -b - 1. Let m be k(-4). Suppose 2 = m*h + 17. Let p(j) = j**2 + 6*j - 3. Calculate p(h).
-8
Let q(h) = 3*h**3 - 11*h**2 + 19*h - 16. Let s(z) = z**3 - 4*z**2 + 6*z - 5. Let w(k) = -2*q(k) + 7*s(k). What is w(6)?
21
Let o be 1 + (-1)/(3/(-18)). Suppose 0 = 2*v - 5*y - 16 - o, 2*v - 17 = 3*y. Let q(a) = a**2 - 2*a - 4. Give q(v).
4
Let c(o) = -2*o - o + 14 + 4*o. Let j be c(-7). Let a(k) = 8*k**2 - j*k**2 + k**3 + 6 + 3. Calculate a(0).
9
Let c(d) = -14*d**2 - 13*d + 14. Let i(t) = 5*t**2 + 4*t - 4. Let v(r) = 6*c(r) + 17*i(r). Calculate v(7).
-5
Let i be 0 + -1*(-28)/(-12 + 5). Let h(l) = 3*l + 13. Determine h(i).
1
Let f(k) = -5*k**3 - 22*k**2 - 40*k. Let u(i) = -2*i**3 - 7*i**2 - 14*i. Let t(j) = 3*f(j) - 8*u(j). What is t(11)?
33
Let o(t) = t**3 - 5*t**2 - 5*t + 5. Let b(m) = m**3 + m**2 + 1. Let c(v) = -2*b(v) + o(v). Calculate c(-6).
-3
Suppose 3*d - 5*l = 3 + 4, -d + 9 = 5*l. Let i(m) = -5*m - 5. Give i(d).
-25
Let r(m) be the first derivative of m**4/4 + 4*m**3/3 + 3*m - 1. Suppose 3*i - 5*n - 65 = 0, -4*i + 0*i + 4*n = -100. Let f be 2 - (1 - 0) - i/6. Give r(f).
3
Let q(m) = -m**2 - m + 6. Suppose 18*j - 24 = 16*j. Let w = 7 - j. Calculate q(w).
-14
Let w = 11 - 5. Let r be (-46)/(-6) + w/(-9). Let c(x) = x - 4. Calculate c(r).
3
Let r = -26 - 0. Let z = r + 28. Let o(s) = 2*s**2 - s. Let a be o(z). Let v(k) = k - 9. What is v(a)?
-3
Let p(v) = 5*v + 3. Let u(z) = 4*z + 3. Suppose 0 = 3*w + 12, -5*k + 23 + 3 = -4*w. Let a be (7 - 5)*(-1 - k). Let l(s) = a*p(s) + 7*u(s). Determine l(3).
-3
Let d(f) = -4*f - 1. Suppose 5*g + 6 = -2*v - 2, -g - 5*v = -3. Give d(g).
7
Let k(c) = 10*c - 4. Let n(z) = 26*z - 13. Let r(j) = -8*k(j) + 3*n(j). Give r(-8).
9
Suppose 0 = -3*c - 4*n - 4, -n - 1 = 3*c - 0*n. Suppose 48 = 2*z - 0*b - 5*b, b + 143 = 5*z. Let p(o) = -59 + z + o + 27. What is p(c)?
-3
Let n(h) be the first derivative of -h**4/2 + h**3/3 - h**2 + h + 2. Let o(a) = -a**2 + a - 6. Let g be o(0). Let j = -5 - g. What is n(j)?
-2
Let z(w) be the third derivative of w**4/24 - w**3/2 + 42*w**2. Let h(f) = f - 2. Let k be h(-3). Let i = k - -1. Determine z(i).
-7
Let p(t) be the second derivative of -t**4/12 - 3*t**3/2 - 5*t**2/2 - 2*t. Let i = -5050 - -5044. Calculate p(i).
13
Let s = 20 + -52. Let x = -25 - s. Let t(b) = 2*b - 8. Determine t(x).
6
Suppose 0 = 3*g - 8 - 1. Suppose -4*a - 1 = -g*a. Let n(i) = -265 + 134 + 132 + 5*i + 0*i. Give n(a).
-4
Suppose -4*h + 3*d + 1 = 0, -5*d - 13 = 32*h - 33*h. Let r(w) = 6*w**3 + 2*w**2 - w - 1. Calculate r(h).
-39
Let k(t) = -5*t**2 - 24*t - 18. Let z(o) = 9*o**2 + 47*o + 35. Let u(a) = -7*k(a) - 4*z(a). What is u(-19)?
5
Let b(h) be the third derivative of h**6/720 + h**4/3 - 17*h**2. Let a(x) be the second derivative of b(x). Give a(4).
4
Let b = 19 + -17. Let i(x) = -4*x - 4*x + 12 + b*x + 7*x. Determine i(-5).
7
Let g(f) = 0 + 22 - 20 - 6*f. Calculate g(1).
-4
Let c(w) be the second derivative of 11/12*w**4 - 1/20*w**5 - 14*w + 0*w**3 + 0 + w**2. Determine c(11).
2
Let t(i) be the second derivative of 7*i**3/6 - 3*i**2/2 + 2*i - 77. What is t(3)?
18
Let s(a) be the first derivative of a**3/3 - 3*a**2 + a + 757. Let c = -17 + 8. Let w be (-1 - 2)*12/c. What is s(w)?
-7
Let i(q) be the first derivative of -q**2 - 5/24*q**4 + 0*q - 1 - 1/6*q**3. Let l(t) be the second derivative of i(t). Give l(1).
-6
Let j(x) be the second derivative of x**5/20 + x**4/12 + x**3/6 - 9*x**2 - 77*x. Determine j(0).
-18
Let j(x) = 3*x**2 - 2*x**2 + 7*x + 0*x**2 - 6*x + 1. Let s be j(0). Let l = s - 1. Let q(p) = -p**3 - p**2 + p. What is q(l)?
0
Let q(v) = 24*v**2 + 4 - 20*v**3 - 10*v**2 - 25*v**3 - 20*v**2 - 9*v + 46*v**3. Give q(7).
-10
Let a(z) = -3 - z**3 + 2*z**3 + 6*z**2 - 4*z + 5*z. Let n be 2/(-7) - 508/(-14). Let l = 30 - n. Determine a(l).
-9
Suppose -r = -3 - 2. Let u(y) = 6 - 16*y + 0 - 3 + 17*y. Determine u(r).
8
Let r(k) = 5*k + 1. Let l(g) = 3*g**2 + 23*g + 6. Let i(a) = l(a) - 5*r(a). Calculate i(2).
9
Let m(a) = 31*a + 611. Let y be m(-20). Let k(f) = -